14330
What is 100011101111 (base 2) in base 6?
14331
Convert 54554 (base 8) to base 4.
11211230
-491 (base 13) to base 6
-3402
Convert -10011001101110 (base 2) to base 10.
-9838
Convert -2002 (base 6) to base 10.
-434
What is 11010211 (base 3) in base 7?
11542
What is 112430 (base 5) in base 6?
31015
What is -b1 (base 16) in base 10?
-177
Convert 10110111001111 (base 2) to base 10.
11727
Convert 200200 (base 5) to base 10.
6300
What is 173 (base 14) in base 6?
1213
What is -140425 (base 6) in base 7?
-53153
-136 (base 14) to base 13
-15a
-48ab (base 16) to base 10
-18603
-6279 (base 11) to base 10
-8314
-212010201 (base 3) to base 8
-40743
What is 264 (base 9) in base 4?
3130
-2812 (base 14) to base 15
-2167
Convert -113401 (base 5) to base 9.
-5715
What is -73c (base 15) in base 11?
-1254
22332 (base 5) to base 6
11212
What is 142320 (base 5) in base 8?
13510
Convert -1001415 (base 6) to base 15.
-de02
340505 (base 7) to base 6
1143015
What is -1010121 (base 3) in base 14?
-430
-3511 (base 15) to base 9
-16407
Convert 41520 (base 6) to base 16.
15d8
9226 (base 14) to base 13
b586
What is 9e (base 16) in base 4?
2132
Convert 9973 (base 13) to base 15.
650d
107 (base 8) to base 16
47
What is -233330 (base 4) in base 7?
-11642
What is -539 (base 10) in base 16?
-21b
What is 230104 (base 5) in base 14?
2d86
What is 9b46 (base 12) in base 16?
4326
Convert 4467 (base 10) to base 11.
33a1
What is -141 (base 12) in base 11?
-166
3234 (base 8) to base 11
12a9
What is a672 (base 12) in base 7?
104102
-142340 (base 5) to base 14
-2266
What is 7675 (base 9) in base 6?
42105
119 (base 13) to base 3
21002
Convert 251 (base 12) to base 4.
11131
-132255 (base 6) to base 5
-342303
Convert -154 (base 16) to base 10.
-340
What is 56374 (base 8) in base 11?
16980
Convert 101442 (base 5) to base 16.
d2c
Convert -3712 (base 12) to base 3.
-22111212
What is 3254 (base 10) in base 4?
302312
71c8 (base 13) to base 6
200424
Convert 15365 (base 7) to base 12.
25b2
-2842 (base 10) to base 14
-1070
What is -833 (base 13) in base 12?
-982
What is 193 (base 15) in base 13?
21c
What is -b04d (base 15) in base 2?
-1001000101001110
Convert -28853 (base 13) to base 14.
-1da50
16 (base 14) to base 3
202
What is -1289 (base 11) in base 10?
-1670
42747 (base 8) to base 12
a433
What is -101000001 (base 2) in base 5?
-2241
2827 (base 10) to base 2
101100001011
1234 (base 9) to base 8
1632
-275 (base 8) to base 4
-2331
What is -368b (base 13) in base 8?
-17050
Convert c9 (base 13) to base 2.
10100101
13121 (base 4) to base 14
25b
-5889 (base 11) to base 2
-1111000101000
Convert -3979 (base 12) to base 9.
-10013
-1202 (base 11) to base 2
-11000100111
-1591 (base 12) to base 13
-1219
Convert -11b7 (base 13) to base 9.
-3405
Convert -a60 (base 13) to base 4.
-123220
Convert -10110000110 (base 2) to base 16.
-586
-13244 (base 6) to base 5
-31134
Convert 2612 (base 12) to base 13.
1c85
148b (base 13) to base 10
2988
What is -27b0 (base 12) in base 3?
-20022020
What is -201472 (base 8) in base 6?
-1231122
707 (base 8) to base 12
31b
Convert 4911 (base 13) to base 8.
24123
What is -20680 (base 9) in base 13?
-62c4
-357 (base 14) to base 9
-818
297 (base 10) to base 3
102000
29b (base 13) to base 10
466
Convert -259a (base 12) to base 11.
-3254
Convert -221001222 (base 3) to base 2.
-100011101100110
25a (base 15) to base 3
201211
Convert 1aae (base 16) to base 4.
1222232
What is 11130 (base 4) in base 7?
1005
423515 (base 6) to base 16
86e7
-304 (base 7) to base 8
-227
Convert 1096 (base 12) to base 3.
2112020
What is 52521 (base 6) in base 5?
211410
Convert 414032 (base 5) to base 8.
32512
-660 (base 9) to base 5
-4130
What is 1141 (base 10) in base 5?
14031
Convert 202005 (base 6) to base 2.
11111001110101
Convert -11000 (base 4) to base 13.
-1b8
Convert 11001011001110 (base 2) to base 11.
9854
Convert 93 (base 11) to base 2.
1100110
What is 1125 (base 11) in base 6?
10503
-1000 (base 5) to base 9
-148
What is 5d5 (base 14) in base 11?
971
2101121 (base 3) to base 4
123100
What is -1010100110110 (base 2) in base 14?
-1d9c
What is -11113 (base 5) in base 8?
-1417
What is 17777 (base 10) in base 13?
8126
-1114 (base 9) to base 14
-42b
1111020 (base 3) to base 6
5010
What is -5468 (base 9) in base 15?
-12db
Convert -24a8 (base 16) to base 9.
-13776
What is -54878 (base 9) in base 7?
-211145
126432 (base 8) to base 2
1010110100011010
12331 (base 4) to base 15
1ea
Convert -8cd0 (base 15) to base 8.
-72307
Convert 34645 (base 8) to base 16.
39a5
-1ba (base 13) to base 12
-22a
What is 10d (base 16) in base 12?
1a5
What is 93a (base 16) in base 15?
a77
What is 33233 (base 4) in base 9?
1338
What is 8d6 (base 15) in base 3?
2202010
296 (base 16) to base 9
815
Convert -3bb (base 13) to base 9.
-814
What is 101011 (base 2) in base 10?
43
Convert 20220 (base 5) to base 16.
51e
What is -1951 (base 11) in base 3?
-10101201
Convert -887 (base 10) to base 4.
-31313
What is 332 (base 5) in base 15?
62
What is 1001001111101 (base 2) in base 15?
1608
-10231 (base 5) to base 13
-412
What is 136a (base 12) in base 15?
9e7
Convert -10011010111010 (base 2) to base 6.
-113522
-83025 (base 9) to base 5
-3222243
What is 12467 (base 8) in base 4?
1110313
Convert 20011 (base 7) to base 2.
1001011001010
Convert 201212012 (base 3) to base 2.
11100010001101
What is -189 (base 13) in base 6?
-1150
-32434 (base 6) to base 8
-10606
856a (base 13) to base 12
a865
What is -55534 (base 6) in base 4?
-1321102
-1323 (base 4) to base 16
-7b
-12155 (base 6) to base 9
-2418
What is 5540 (base 7) in base 16?
7c4
What is 110100111 (base 3) in base 4?
2030230
88 (base 15) to base 3
11202
What is -20120311 (base 4) in base 16?
-8635
What is 57353 (base 9) in base 15?
b4b9
110111 (base 2) to base 16
37
Convert 37006 (base 8) to base 11.
10a25
What is 1025 (base 6) in base 11?
1a2
451 (base 8) to base 10
297
-3521 (base 9) to base 8
-5063
2661 (base 10) to base 8
5145
-425543 (base 6) to base 8
-104247
What is 1d9 (base 15) in base 10?
429
2131 (base 6) to base 4
13213
What is -40241 (base 11) in base 13?
-20a30
What is 608 (base 9) in base 4?
13232
Convert 159a (base 13) to base 5.
100134
-21104 (base 5) to base 3
-1221000
7b6 (base 14) to base 7
4316
What is 548 (base 14) in base 15?
499
Convert -101110100001 (base 2) to base 5.
-43402
What is -195 (base 11) in base 13?
-144
Convert 16444 (base 7) to base 3.
20102121
What is 436 (base 16) in base 4?
100312
Convert 3222 (base 4) to base 8.
352
What is 120220 (base 3) in base 6?
1553
Convert -52201 (base 9) to base 3.
-1202020001
What is -3043 (base 5) in base 10?
-398
What is 135050 (base 8) in base 10?
47656
Convert -31a (base 14) to base 11.
-507
210200102 (base 3) to base 13
726b
What is -5e74 (base 15) in base 2?
-100111010100110
Convert 3dc (base 14) to base 16.
30e
What is 8750 (base 12) in base 11?
10209
Convert -4443 (base 6) to base 3.
-1102100
What is -4002 (base 5) in base 15?
-237
Convert 12020 (base 4) to base 6.
1452
Convert -424 (base 7) to base 9.
-257
Convert 765 (base 15) to base 6.
11422
-117 (base 14) to base 11
-188
What is 238 (base 12) in base 9?
408
What is 12220 (base 5) in base 12?
65b
2200011 (base 3) to base 2
11110011100
What is -30322 (base 4) in base 7?
-2260
41667 (base 10) to base 7
232323
-1254 (base 10) to base 4
-103212
What is -42145 (base 9) in base 7?
-144056
Convert -6345 (base 11) to base 8.
-20316
What is 10017 (base 10) in base 13?
4737
Convert 1b23 (base 15) to base 9.
8056
Convert 8575 (base 10) to base 4.
2011333
37274 (base 9) to base 2
110000110110111
11a32 (base 12) to base 13
ab89
21774 (base 8) to base 12
53b8
Convert 110221 (base 3) to base 13.
20b
107b (base 15) to base 12
202b
Convert -10031 (base 7) to base 5.
-34143
What is -1d5 (base 16) in base 11?
-397
What is -1382 (base 12) in base 11?
-1773
310441 (base 5) to base 9
14785
What is 2436 (base 8) in base 11?
a91
-1746 (base 14) to base 8
-10122
-30101 (base 6) to base 15
-126a
What is -760 (base 9) in base 16?
-26d
What is -96c7 (base 14) in base 15?
-7ab7
Convert 542050 (base 6) to base 4.
22313232
Convert 212 (base 16) to base 12.
382
-16102 (base 11) to base 4
-11203132
What is 641 (base 12) in base 14?
493
What is -11102100 (base 3) in base 10?
-3222
What is -741 (bas